ctor of 8279 and 17.
17
Calculate the greatest common divisor of 360 and 824.
8
What is the highest common factor of 1339 and 13?
13
What is the highest common divisor of 730 and 110?
10
What is the highest common factor of 2 and 74?
2
What is the greatest common factor of 78 and 3939?
39
What is the highest common factor of 225 and 63?
9
What is the highest common factor of 824 and 88?
8
What is the greatest common factor of 1239 and 63?
21
Calculate the highest common factor of 22 and 88.
22
Calculate the highest common divisor of 1746 and 36.
18
What is the greatest common divisor of 264 and 2568?
24
Calculate the greatest common factor of 1830 and 230.
10
What is the highest common divisor of 63 and 273?
21
Calculate the greatest common factor of 703 and 19.
19
What is the greatest common factor of 104 and 143?
13
Calculate the greatest common divisor of 15 and 7935.
15
Calculate the greatest common factor of 18 and 4860.
18
What is the greatest common factor of 2100 and 240?
60
What is the highest common factor of 39 and 1053?
39
Calculate the highest common factor of 18 and 18.
18
What is the greatest common divisor of 374 and 17?
17
Calculate the highest common factor of 424 and 371.
53
What is the highest common factor of 132 and 2046?
66
What is the highest common divisor of 47300 and 20?
20
Calculate the greatest common divisor of 590 and 10266.
118
What is the highest common factor of 32 and 28?
4
Calculate the greatest common divisor of 22 and 506.
22
Calculate the greatest common factor of 48 and 456.
24
What is the highest common divisor of 81 and 4293?
81
What is the highest common divisor of 140 and 6888?
28
What is the highest common divisor of 540 and 2988?
36
What is the highest common divisor of 56 and 28?
28
What is the highest common factor of 1577 and 166?
83
What is the greatest common factor of 88 and 33?
11
What is the highest common factor of 270 and 105?
15
What is the highest common divisor of 80 and 125?
5
Calculate the highest common divisor of 172 and 430.
86
What is the highest common divisor of 98 and 196?
98
Calculate the highest common factor of 60 and 4092.
12
What is the highest common divisor of 77 and 154?
77
Calculate the greatest common factor of 7 and 26831.
7
What is the greatest common divisor of 400 and 16?
16
What is the greatest common factor of 714 and 7242?
102
What is the highest common divisor of 64 and 24?
8
Calculate the greatest common divisor of 36 and 60.
12
Calculate the greatest common factor of 265 and 56975.
265
Calculate the highest common divisor of 53 and 10123.
53
What is the highest common divisor of 99 and 3357?
9
What is the highest common divisor of 8 and 508?
4
Calculate the highest common divisor of 3533 and 1.
1
What is the highest common divisor of 390 and 8255?
65
Calculate the highest common divisor of 12015 and 135.
135
Calculate the highest common divisor of 1775 and 71.
71
What is the highest common factor of 360 and 40?
40
What is the greatest common divisor of 3269 and 7?
7
What is the greatest common factor of 90 and 234?
18
What is the greatest common divisor of 351 and 65?
13
Calculate the highest common factor of 105 and 75.
15
What is the highest common divisor of 196 and 112?
28
Calculate the greatest common divisor of 31 and 6541.
31
What is the highest common divisor of 32732 and 501?
167
What is the highest common divisor of 285 and 75?
15
What is the greatest common factor of 120 and 1240?
40
Calculate the greatest common factor of 1 and 18.
1
What is the highest common divisor of 110 and 10?
10
What is the highest common factor of 6 and 17904?
6
What is the greatest common factor of 27 and 1431?
27
Calculate the greatest common factor of 28 and 511.
7
What is the highest common divisor of 280 and 2968?
56
Calculate the highest common factor of 31 and 5704.
31
Calculate the greatest common divisor of 123 and 3813.
123
Calculate the greatest common factor of 1209 and 31.
31
What is the highest common divisor of 260 and 10790?
130
What is the greatest common divisor of 1288 and 828?
92
Calculate the highest common divisor of 451 and 1107.
41
Calculate the greatest common factor of 60 and 94020.
60
What is the highest common factor of 5504 and 1548?
172
What is the greatest common divisor of 32 and 12096?
32
What is the greatest common divisor of 147 and 42?
21
What is the greatest common divisor of 10 and 236?
2
Calculate the highest common factor of 198 and 1692.
18
What is the greatest common factor of 8192 and 16?
16
What is the greatest common divisor of 1829 and 155?
31
Calculate the highest common factor of 2171 and 334.
167
Calculate the greatest common factor of 28 and 126.
14
What is the highest common divisor of 64 and 8?
8
Calculate the highest common divisor of 31 and 1116.
31
What is the highest common divisor of 5238 and 54?
54
What is the greatest common factor of 28 and 70?
14
What is the highest common factor of 335 and 871?
67
What is the highest common divisor of 40 and 1080?
40
What is the greatest common factor of 45 and 3695?
5
What is the greatest common factor of 11 and 27379?
11
What is the highest common divisor of 20 and 172?
4
Calculate the highest common factor of 8526 and 696.
174
What is the highest common divisor of 124 and 3286?
62
What is the highest common factor of 200 and 12100?
100
What is the greatest common divisor of 10322 and 104?
26
What is the greatest common factor of 81 and 4635?
9
What is the highest common divisor of 98 and 5880?
98
What is the highest common factor of 1775 and 71?
71
What is the greatest common divisor of 133 and 19?
19
Calculate the highest common factor of 54 and 729.
27
Calculate the highest common divisor of 18 and 576.
18
What is the highest common factor of 12 and 978?
6
What is the highest common factor of 216 and 342?
18
Calculate the highest common divisor of 32 and 5408.
32
Calculate the highest common factor of 11 and 979.
11
Calculate the greatest common divisor of 594 and 108.
54
Calculate the highest common factor of 224 and 88.
8
What is the highest common factor of 710 and 1846?
142
Calculate the greatest common factor of 38 and 6.
2
What is the greatest common factor of 80 and 690?
10
Calculate the highest common factor of 1925 and 33.
11
What is the highest common factor of 324 and 3618?
54
Calculate the greatest common divisor of 288 and 18.
18
Calculate the highest common factor of 3 and 8373.
3
What is the greatest common factor of 271 and 17344?
271
Calculate the greatest common divisor of 1404 and 4.
4
What is the highest common divisor of 2640 and 825?
165
What is the highest common factor of 49 and 3283?
49
Calculate the highest common factor of 645 and 15.
15
Calculate the greatest common factor of 9 and 51.
3
What is the greatest common divisor of 334 and 3173?
167
What is the greatest common divisor of 111 and 2479?
37
What is the highest common divisor of 475 and 225?
25
What is the highest common factor of 200 and 45?
5
What is the greatest common factor of 96 and 152?
8
Calculate the highest common divisor of 14 and 1134.
14
What is the highest common factor of 68 and 1734?
34
Calculate the greatest common factor of 238 and 1054.
34
What is the greatest common divisor of 232 and 29?
29
Calculate the greatest common divisor of 20 and 2690.
10
Calculate the greatest common factor of 48 and 2472.
24
What is the highest common factor of 46 and 667?
23
Calculate the highest common divisor of 99 and 495.
99
Calculate the greatest common factor of 864 and 2088.
72
Calculate the greatest common factor of 136 and 340.
68
What is the greatest common divisor of 32 and 944?
16
Calculate the highest common factor of 48 and 1488.
48
Calculate the greatest common divisor of 222 and 4995.
111
What is the highest common factor of 388 and 2231?
97
What is the highest common divisor of 2432 and 76?
76
Calculate the greatest common divisor of 1843 and 291.
97
What is the greatest common divisor of 2862 and 216?
54
What is the greatest common divisor of 110 and 10?
10
Calculate the greatest common divisor of 2208 and 1725.
69
What is the greatest common divisor of 2520 and 6120?
360
Calculate the greatest common factor of 3 and 87.
3
Calculate the greatest common factor of 23 a